{"id":28643,"date":"2023-03-15T13:23:18","date_gmt":"2023-03-15T12:23:18","guid":{"rendered":"https:\/\/www.cenata.de\/?post_type=tribe_events&#038;p=28643"},"modified":"2023-09-21T13:47:59","modified_gmt":"2023-09-21T12:47:59","slug":"ultraschall-in-warnemuende","status":"publish","type":"tribe_events","link":"https:\/\/www.cenata.de\/en\/event\/ultraschall-in-warnemuende\/","title":{"rendered":"Ultraschall in Warnem\u00fcnde"},"content":{"rendered":"<p>Ultraschall in Warnem\u00fcnde<\/p>\n<p>09.-11.11.2023<\/p>\n<p>Kongress-Zentrum Hohe D\u00fcne<\/p>\n<p>Rostock-Warnem\u00fcnde<\/p>\n<p>Hier finden Sie den aktuellen <a href=\"https:\/\/www.wfm-ultraschall.de\/23%2008%2028%20H1%20Programm%20Homepage.pdf\" target=\"_blank\" rel=\"noopener\">Programmflyer:<\/a><\/p>\n<p>&nbsp;<\/p>\n<p>&nbsp;<\/p>\n","protected":false},"excerpt":{"rendered":"<p>Ultraschall in Warnem\u00fcnde 09.-11.11.2023 Kongress-Zentrum Hohe D\u00fcne Rostock-Warnem\u00fcnde Hier finden Sie den aktuellen Programmflyer: &nbsp; &nbsp;<\/p>\n","protected":false},"author":7,"featured_media":0,"template":"","meta":{"site-sidebar-layout":"default","site-content-layout":"default","ast-site-content-layout":"default","site-content-style":"default","site-sidebar-style":"default","ast-global-header-display":"","ast-banner-title-visibility":"","ast-main-header-display":"","ast-hfb-above-header-display":"","ast-hfb-below-header-display":"","ast-hfb-mobile-header-display":"","site-post-title":"","ast-breadcrumbs-content":"","ast-featured-img":"","footer-sml-layout":"","ast-disable-related-posts":"","theme-transparent-header-meta":"default","adv-header-id-meta":"","stick-header-meta":"default","header-above-stick-meta":"","header-main-stick-meta":"","header-below-stick-meta":"","astra-migrate-meta-layouts":"set","ast-page-background-enabled":"default","ast-page-background-meta":{"desktop":{"background-color":"var(--ast-global-color-4)","background-image":"","background-repeat":"repeat","background-position":"center center","background-size":"auto","background-attachment":"scroll","background-type":"","background-media":"","overlay-type":"","overlay-color":"","overlay-opacity":"","overlay-gradient":""},"tablet":{"background-color":"","background-image":"","background-repeat":"repeat","background-position":"center center","background-size":"auto","background-attachment":"scroll","background-type":"","background-media":"","overlay-type":"","overlay-color":"","overlay-opacity":"","overlay-gradient":""},"mobile":{"background-color":"","background-image":"","background-repeat":"repeat","background-position":"center center","background-size":"auto","background-attachment":"scroll","background-type":"","background-media":"","overlay-type":"","overlay-color":"","overlay-opacity":"","overlay-gradient":""}},"ast-content-background-meta":{"desktop":{"background-color":"var(--ast-global-color-5)","background-image":"","background-repeat":"repeat","background-position":"center center","background-size":"auto","background-attachment":"scroll","background-type":"","background-media":"","overlay-type":"","overlay-color":"","overlay-opacity":"","overlay-gradient":""},"tablet":{"background-color":"var(--ast-global-color-5)","background-image":"","background-repeat":"repeat","background-position":"center center","background-size":"auto","background-attachment":"scroll","background-type":"","background-media":"","overlay-type":"","overlay-color":"","overlay-opacity":"","overlay-gradient":""},"mobile":{"background-color":"var(--ast-global-color-5)","background-image":"","background-repeat":"repeat","background-position":"center center","background-size":"auto","background-attachment":"scroll","background-type":"","background-media":"","overlay-type":"","overlay-color":"","overlay-opacity":"","overlay-gradient":""}},"_tribe_events_status":"","_tribe_events_status_reason":"","footnotes":""},"tags":[],"tribe_events_cat":[35],"class_list":["post-28643","tribe_events","type-tribe_events","status-publish","hentry","tribe_events_cat-kongresse","cat_kongresse"],"_links":{"self":[{"href":"https:\/\/www.cenata.de\/en\/wp-json\/wp\/v2\/tribe_events\/28643","targetHints":{"allow":["GET"]}}],"collection":[{"href":"https:\/\/www.cenata.de\/en\/wp-json\/wp\/v2\/tribe_events"}],"about":[{"href":"https:\/\/www.cenata.de\/en\/wp-json\/wp\/v2\/types\/tribe_events"}],"author":[{"embeddable":true,"href":"https:\/\/www.cenata.de\/en\/wp-json\/wp\/v2\/users\/7"}],"version-history":[{"count":7,"href":"https:\/\/www.cenata.de\/en\/wp-json\/wp\/v2\/tribe_events\/28643\/revisions"}],"predecessor-version":[{"id":29311,"href":"https:\/\/www.cenata.de\/en\/wp-json\/wp\/v2\/tribe_events\/28643\/revisions\/29311"}],"wp:attachment":[{"href":"https:\/\/www.cenata.de\/en\/wp-json\/wp\/v2\/media?parent=28643"}],"wp:term":[{"taxonomy":"post_tag","embeddable":true,"href":"https:\/\/www.cenata.de\/en\/wp-json\/wp\/v2\/tags?post=28643"},{"taxonomy":"tribe_events_cat","embeddable":true,"href":"https:\/\/www.cenata.de\/en\/wp-json\/wp\/v2\/tribe_events_cat?post=28643"}],"curies":[{"name":"wp","href":"https:\/\/api.w.org\/{rel}","templated":true}]}}

Ultraschall in Warnemünde

<p>Ultraschall in Warnemünde</p>
<p>09.-11.11.2023</p>
<p>Kongress-Zentrum Hohe Düne</p>
<p>Rostock-Warnemünde</p>
<p>Hier finden Sie den aktuellen <a href="https://www.wfm-ultraschall.de/23%2008%2028%20H1%20Programm%20Homepage.pdf" target="_blank" rel="noopener">Programmflyer:</a></p>
<p>&nbsp;</p>
<p>&nbsp;</p>

<p>Ultraschall in Warnemünde 09.-11.11.2023 Kongress-Zentrum Hohe Düne Rostock-Warnemünde Hier finden Sie den aktuellen Programmflyer: &nbsp; &nbsp;</p>
